{"id":76,"date":"2025-04-15T09:23:42","date_gmt":"2025-04-15T08:23:42","guid":{"rendered":"http:\/\/efanet.org\/annual-report\/?page_id=76"},"modified":"2025-05-15T14:08:53","modified_gmt":"2025-05-15T13:08:53","slug":"board","status":"publish","type":"page","link":"https:\/\/efanet.org\/annual-report\/2024\/organisation\/board\/","title":{"rendered":"EFA Board"},"content":{"rendered":"\n<p>Last year <a href=\"https:\/\/efanet.org\/annual-report\/2023\/organisation\/board\">here<\/a> EFA Board directed our organisation through their five online and in person meetings, as well as through their participation in important initiatives by EFA and our partner organisations.<\/p>\n\n\n\n<p>The Board inspired a new EFA membership fee structure, a need for our community, to welcome national organisations who are representative of the allergy, atopic eczema, asthma or COPD patients in their country, they are legitimate, they are democratic, work transparently and independently.<\/p>\n\n\n\n<p>The Board formally approved an EFA insurance policy to cover, aside of staff insurances, civil responsibility both for volunteers and staff, and travel for volunteers, in particular the Board members, in case of incidents such as illness or disability. EFA also contracted an upgraded general insurance for the organisation.<\/p>\n\n\n\n<p>In their strategic meeting, the Board guided our multiannual programmes planning for 2025, focusing on EFA communities, the members and partner organisations.<\/p>\n\n\n\n<p>The Board leads, President and Vice President, held weekly update calls with EFA Director, covering important issues in our partnerships with medical societies, public health NGOs and corporate partners, and ensuring they are guided at the highest level of our governance.<\/p>\n\n\n\n<p><strong>Key outcomes of the work of the Board include approval of:<\/strong><\/p>\n\n\n\n<ul class=\"wp-block-list\">\n<li>Quarterly management accounts, and forecast until the end of the year<\/li>\n\n\n\n<li>EFA Multiannual programmes workplan 2025<\/li>\n\n\n\n<li>Nine project plans 2025 to be promoted for funding covering all our diseases areas and crosscutting issues<\/li>\n\n\n\n<li>Budget framework 2025<\/li>\n\n\n\n<li>Motion from Board for a new EFA Membership Fee Structure<\/li>\n\n\n\n<li>Budget 2024 and Accounts 2023<\/li>\n\n\n\n<li>Workplan 2024<\/li>\n\n\n\n<li>Eligible membership requests<\/li>\n\n\n\n<li>EFA application for WHO Civil Society Alliance and the EU Critical Medicines Alliance<\/li>\n<\/ul>\n\n\n\n<p><strong>High-level representation, and patient community perspective in<\/strong><\/p>\n\n\n\n<ul class=\"wp-block-list\">\n<li>Key partners organisation fora, such as the European Lung Foundation Patient Advisory Group (ELF PAC) or the European Academy of Allergology and Clinical Immunology Patient Organisation Committee (EAACI POC), and their annual congresses<\/li>\n\n\n\n<li>EFA Breathe Vision Project and European Lung Health Group (ELHG)<\/li>\n\n\n\n<li>Implementation of Memorandum of Understanding with Global Allergy and Asthma European Network of Excellence (GA\u00b2LEN) through joint work on manuscripts for Anaphylaxis Manifesto and managing food allergies at school environment<\/li>\n\n\n\n<li>EU Clean Air Coalition (EUHAC)<\/li>\n\n\n\n<li>Leading discussion on topics important for patient community in EFA sustaining corporate partner annual meeting<\/li>\n<\/ul>\n\n\n\n<p>The Board also led EFA organisational development, critical to support bottom-up member centred, sharing and co-working among members in EFA within our Community programme.<\/p>\n\n\n\n<div class=\"wp-block-custom-people-list people-list\"><div class=\"person\"><img decoding=\"async\" src=\"http:\/\/efanet.org\/annual-report\/wp-content\/uploads\/2025\/04\/23_President_MarciaPodesta_33A5332.jpg\" alt=\"Marcia Podest\u00e0\" class=\"person-photo\"\/><div class=\"person-name\">Marcia Podest\u00e0<\/div><div class=\"person-job\">President<\/div><div class=\"person-company\">Food Allergy Italia<\/div><\/div><div class=\"person\"><img decoding=\"async\" src=\"http:\/\/efanet.org\/annual-report\/wp-content\/uploads\/2025\/04\/23_VicePresident_ArmandoRuiz_33A5349.jpg\" alt=\"Armando Ruiz\" class=\"person-photo\"\/><div class=\"person-name\">Armando Ruiz<\/div><div class=\"person-job\">Vice President<\/div><div class=\"person-company\">Spanish Federation of Allergy and Respiratory Patients Associations, FENAER<\/div><\/div><div class=\"person\"><img decoding=\"async\" src=\"http:\/\/efanet.org\/annual-report\/wp-content\/uploads\/2025\/04\/Frida-Secretary.jpg\" alt=\"Fr\u00ed\u00f0a R\u00fan \u00de\u00f3r\u00f0ard\u00f3ttir\" class=\"person-photo\"\/><div class=\"person-name\">Fr\u00ed\u00f0a R\u00fan \u00de\u00f3r\u00f0ard\u00f3ttir<\/div><div class=\"person-job\">Board Secretary<\/div><div class=\"person-company\">Asthma and Allery Association Iceland<\/div><\/div><div class=\"person\"><img decoding=\"async\" src=\"http:\/\/efanet.org\/annual-report\/wp-content\/uploads\/2025\/04\/Celine_Demoulin_EFA_Website_photo_2.jpg\" alt=\"C\u00e9line Demoulin \" class=\"person-photo\"\/><div class=\"person-name\">C\u00e9line Demoulin <\/div><div class=\"person-job\">Treasurer<\/div><div class=\"person-company\">French Allergy Prevention Association, AFPRAL<\/div><\/div><div class=\"person\"><img decoding=\"async\" src=\"http:\/\/efanet.org\/annual-report\/wp-content\/uploads\/2025\/04\/2023-04-08_BoardMember_ChristineStrous.jpg\" alt=\"Christine Strous\" class=\"person-photo\"\/><div class=\"person-name\">Christine Strous<\/div><div class=\"person-job\">Board Member<\/div><div class=\"person-company\">Dutch Lung Foundation<\/div><\/div><\/div>\n\n\n\n<p><a id=\"_msocom_1\"><\/a><\/p>\n","protected":false},"excerpt":{"rendered":"<p>Last year here EFA Board directed our organisation through their five online and in person meetings, as well as through their participation in important initiatives by EFA and our partner organisations. The Board inspired a new EFA membership fee structure, a need for our community, to welcome national organisations who are representative of the allergy, [&hellip;]<\/p>\n","protected":false},"author":1,"featured_media":0,"parent":21,"menu_order":0,"comment_status":"closed","ping_status":"closed","template":"page_2024.php","meta":{"_acf_changed":false,"inline_featured_image":false,"advgb_blocks_editor_width":"","advgb_blocks_columns_visual_guide":"","footnotes":""},"class_list":["post-76","page","type-page","status-publish","hentry"],"acf":[],"yoast_head":"<!-- This site is optimized with the Yoast SEO plugin v27.3 - https:\/\/yoast.com\/product\/yoast-seo-wordpress\/ -->\n<title>EFA Board - EFA - Annual Report<\/title>\n<meta name=\"robots\" content=\"index, follow, max-snippet:-1, max-image-preview:large, max-video-preview:-1\" \/>\n<link rel=\"canonical\" href=\"https:\/\/efanet.org\/annual-report\/2024\/organisation\/board\/\" \/>\n<meta property=\"og:locale\" content=\"en_GB\" \/>\n<meta property=\"og:type\" content=\"article\" \/>\n<meta property=\"og:title\" content=\"EFA Board - EFA - Annual Report\" \/>\n<meta property=\"og:description\" content=\"Last year here EFA Board directed our organisation through their five online and in person meetings, as well as through their participation in important initiatives by EFA and our partner organisations. The Board inspired a new EFA membership fee structure, a need for our community, to welcome national organisations who are representative of the allergy, [&hellip;]\" \/>\n<meta property=\"og:url\" content=\"https:\/\/efanet.org\/annual-report\/2024\/organisation\/board\/\" \/>\n<meta property=\"og:site_name\" content=\"EFA - Annual Report\" \/>\n<meta property=\"article:publisher\" content=\"https:\/\/www.facebook.com\/EFAPatients\" \/>\n<meta property=\"article:modified_time\" content=\"2025-05-15T13:08:53+00:00\" \/>\n<meta property=\"og:image\" content=\"http:\/\/efanet.org\/annual-report\/wp-content\/uploads\/2025\/04\/23_President_MarciaPodesta_33A5332.jpg\" \/>\n<meta name=\"twitter:card\" content=\"summary_large_image\" \/>\n<meta name=\"twitter:site\" content=\"@EFA_Patients\" \/>\n<meta name=\"twitter:label1\" content=\"Estimated reading time\" \/>\n\t<meta name=\"twitter:data1\" content=\"2 minutes\" \/>\n<script type=\"application\/ld+json\" class=\"yoast-schema-graph\">{\"@context\":\"https:\\\/\\\/schema.org\",\"@graph\":[{\"@type\":\"WebPage\",\"@id\":\"https:\\\/\\\/efanet.org\\\/annual-report\\\/2024\\\/organisation\\\/board\\\/\",\"url\":\"https:\\\/\\\/efanet.org\\\/annual-report\\\/2024\\\/organisation\\\/board\\\/\",\"name\":\"EFA Board - EFA - Annual Report\",\"isPartOf\":{\"@id\":\"https:\\\/\\\/efanet.org\\\/annual-report\\\/#website\"},\"primaryImageOfPage\":{\"@id\":\"https:\\\/\\\/efanet.org\\\/annual-report\\\/2024\\\/organisation\\\/board\\\/#primaryimage\"},\"image\":{\"@id\":\"https:\\\/\\\/efanet.org\\\/annual-report\\\/2024\\\/organisation\\\/board\\\/#primaryimage\"},\"thumbnailUrl\":\"http:\\\/\\\/efanet.org\\\/annual-report\\\/wp-content\\\/uploads\\\/2025\\\/04\\\/23_President_MarciaPodesta_33A5332.jpg\",\"datePublished\":\"2025-04-15T08:23:42+00:00\",\"dateModified\":\"2025-05-15T13:08:53+00:00\",\"breadcrumb\":{\"@id\":\"https:\\\/\\\/efanet.org\\\/annual-report\\\/2024\\\/organisation\\\/board\\\/#breadcrumb\"},\"inLanguage\":\"en-GB\",\"potentialAction\":[{\"@type\":\"ReadAction\",\"target\":[\"https:\\\/\\\/efanet.org\\\/annual-report\\\/2024\\\/organisation\\\/board\\\/\"]}]},{\"@type\":\"ImageObject\",\"inLanguage\":\"en-GB\",\"@id\":\"https:\\\/\\\/efanet.org\\\/annual-report\\\/2024\\\/organisation\\\/board\\\/#primaryimage\",\"url\":\"https:\\\/\\\/efanet.org\\\/annual-report\\\/wp-content\\\/uploads\\\/2025\\\/04\\\/23_President_MarciaPodesta_33A5332.jpg\",\"contentUrl\":\"https:\\\/\\\/efanet.org\\\/annual-report\\\/wp-content\\\/uploads\\\/2025\\\/04\\\/23_President_MarciaPodesta_33A5332.jpg\",\"width\":560,\"height\":635},{\"@type\":\"BreadcrumbList\",\"@id\":\"https:\\\/\\\/efanet.org\\\/annual-report\\\/2024\\\/organisation\\\/board\\\/#breadcrumb\",\"itemListElement\":[{\"@type\":\"ListItem\",\"position\":1,\"name\":\"Home\",\"item\":\"https:\\\/\\\/efanet.org\\\/annual-report\\\/\"},{\"@type\":\"ListItem\",\"position\":2,\"name\":\"Annual Report 2024\",\"item\":\"https:\\\/\\\/efanet.org\\\/annual-report\\\/\"},{\"@type\":\"ListItem\",\"position\":3,\"name\":\"Organisation\",\"item\":\"https:\\\/\\\/efanet.org\\\/annual-report\\\/2024\\\/organisation\\\/\"},{\"@type\":\"ListItem\",\"position\":4,\"name\":\"EFA Board\"}]},{\"@type\":\"WebSite\",\"@id\":\"https:\\\/\\\/efanet.org\\\/annual-report\\\/#website\",\"url\":\"https:\\\/\\\/efanet.org\\\/annual-report\\\/\",\"name\":\"EFA - Annual Report\",\"description\":\"\",\"publisher\":{\"@id\":\"https:\\\/\\\/efanet.org\\\/annual-report\\\/#organization\"},\"potentialAction\":[{\"@type\":\"SearchAction\",\"target\":{\"@type\":\"EntryPoint\",\"urlTemplate\":\"https:\\\/\\\/efanet.org\\\/annual-report\\\/?s={search_term_string}\"},\"query-input\":{\"@type\":\"PropertyValueSpecification\",\"valueRequired\":true,\"valueName\":\"search_term_string\"}}],\"inLanguage\":\"en-GB\"},{\"@type\":\"Organization\",\"@id\":\"https:\\\/\\\/efanet.org\\\/annual-report\\\/#organization\",\"name\":\"EFA\",\"url\":\"https:\\\/\\\/efanet.org\\\/annual-report\\\/\",\"logo\":{\"@type\":\"ImageObject\",\"inLanguage\":\"en-GB\",\"@id\":\"https:\\\/\\\/efanet.org\\\/annual-report\\\/#\\\/schema\\\/logo\\\/image\\\/\",\"url\":\"http:\\\/\\\/efanet.org\\\/annual-report\\\/wp-content\\\/uploads\\\/2025\\\/05\\\/EFA_logo_OFFICIAL.webp\",\"contentUrl\":\"http:\\\/\\\/efanet.org\\\/annual-report\\\/wp-content\\\/uploads\\\/2025\\\/05\\\/EFA_logo_OFFICIAL.webp\",\"width\":1341,\"height\":742,\"caption\":\"EFA\"},\"image\":{\"@id\":\"https:\\\/\\\/efanet.org\\\/annual-report\\\/#\\\/schema\\\/logo\\\/image\\\/\"},\"sameAs\":[\"https:\\\/\\\/www.facebook.com\\\/EFAPatients\",\"https:\\\/\\\/x.com\\\/EFA_Patients\",\"https:\\\/\\\/www.linkedin.com\\\/company\\\/efanet\\\/\"]}]}<\/script>\n<!-- \/ Yoast SEO plugin. -->","yoast_head_json":{"title":"EFA Board - EFA - Annual Report","robots":{"index":"index","follow":"follow","max-snippet":"max-snippet:-1","max-image-preview":"max-image-preview:large","max-video-preview":"max-video-preview:-1"},"canonical":"https:\/\/efanet.org\/annual-report\/2024\/organisation\/board\/","og_locale":"en_GB","og_type":"article","og_title":"EFA Board - EFA - Annual Report","og_description":"Last year here EFA Board directed our organisation through their five online and in person meetings, as well as through their participation in important initiatives by EFA and our partner organisations. The Board inspired a new EFA membership fee structure, a need for our community, to welcome national organisations who are representative of the allergy, [&hellip;]","og_url":"https:\/\/efanet.org\/annual-report\/2024\/organisation\/board\/","og_site_name":"EFA - Annual Report","article_publisher":"https:\/\/www.facebook.com\/EFAPatients","article_modified_time":"2025-05-15T13:08:53+00:00","og_image":[{"url":"http:\/\/efanet.org\/annual-report\/wp-content\/uploads\/2025\/04\/23_President_MarciaPodesta_33A5332.jpg","type":"","width":"","height":""}],"twitter_card":"summary_large_image","twitter_site":"@EFA_Patients","twitter_misc":{"Estimated reading time":"2 minutes"},"schema":{"@context":"https:\/\/schema.org","@graph":[{"@type":"WebPage","@id":"https:\/\/efanet.org\/annual-report\/2024\/organisation\/board\/","url":"https:\/\/efanet.org\/annual-report\/2024\/organisation\/board\/","name":"EFA Board - EFA - Annual Report","isPartOf":{"@id":"https:\/\/efanet.org\/annual-report\/#website"},"primaryImageOfPage":{"@id":"https:\/\/efanet.org\/annual-report\/2024\/organisation\/board\/#primaryimage"},"image":{"@id":"https:\/\/efanet.org\/annual-report\/2024\/organisation\/board\/#primaryimage"},"thumbnailUrl":"http:\/\/efanet.org\/annual-report\/wp-content\/uploads\/2025\/04\/23_President_MarciaPodesta_33A5332.jpg","datePublished":"2025-04-15T08:23:42+00:00","dateModified":"2025-05-15T13:08:53+00:00","breadcrumb":{"@id":"https:\/\/efanet.org\/annual-report\/2024\/organisation\/board\/#breadcrumb"},"inLanguage":"en-GB","potentialAction":[{"@type":"ReadAction","target":["https:\/\/efanet.org\/annual-report\/2024\/organisation\/board\/"]}]},{"@type":"ImageObject","inLanguage":"en-GB","@id":"https:\/\/efanet.org\/annual-report\/2024\/organisation\/board\/#primaryimage","url":"https:\/\/efanet.org\/annual-report\/wp-content\/uploads\/2025\/04\/23_President_MarciaPodesta_33A5332.jpg","contentUrl":"https:\/\/efanet.org\/annual-report\/wp-content\/uploads\/2025\/04\/23_President_MarciaPodesta_33A5332.jpg","width":560,"height":635},{"@type":"BreadcrumbList","@id":"https:\/\/efanet.org\/annual-report\/2024\/organisation\/board\/#breadcrumb","itemListElement":[{"@type":"ListItem","position":1,"name":"Home","item":"https:\/\/efanet.org\/annual-report\/"},{"@type":"ListItem","position":2,"name":"Annual Report 2024","item":"https:\/\/efanet.org\/annual-report\/"},{"@type":"ListItem","position":3,"name":"Organisation","item":"https:\/\/efanet.org\/annual-report\/2024\/organisation\/"},{"@type":"ListItem","position":4,"name":"EFA Board"}]},{"@type":"WebSite","@id":"https:\/\/efanet.org\/annual-report\/#website","url":"https:\/\/efanet.org\/annual-report\/","name":"EFA - Annual Report","description":"","publisher":{"@id":"https:\/\/efanet.org\/annual-report\/#organization"},"potentialAction":[{"@type":"SearchAction","target":{"@type":"EntryPoint","urlTemplate":"https:\/\/efanet.org\/annual-report\/?s={search_term_string}"},"query-input":{"@type":"PropertyValueSpecification","valueRequired":true,"valueName":"search_term_string"}}],"inLanguage":"en-GB"},{"@type":"Organization","@id":"https:\/\/efanet.org\/annual-report\/#organization","name":"EFA","url":"https:\/\/efanet.org\/annual-report\/","logo":{"@type":"ImageObject","inLanguage":"en-GB","@id":"https:\/\/efanet.org\/annual-report\/#\/schema\/logo\/image\/","url":"http:\/\/efanet.org\/annual-report\/wp-content\/uploads\/2025\/05\/EFA_logo_OFFICIAL.webp","contentUrl":"http:\/\/efanet.org\/annual-report\/wp-content\/uploads\/2025\/05\/EFA_logo_OFFICIAL.webp","width":1341,"height":742,"caption":"EFA"},"image":{"@id":"https:\/\/efanet.org\/annual-report\/#\/schema\/logo\/image\/"},"sameAs":["https:\/\/www.facebook.com\/EFAPatients","https:\/\/x.com\/EFA_Patients","https:\/\/www.linkedin.com\/company\/efanet\/"]}]}},"coauthors":[],"author_meta":{"author_link":"https:\/\/efanet.org\/annual-report\/author\/quentin\/","display_name":"quentin"},"relative_dates":{"created":"Posted 12 months ago","modified":"Updated 11 months ago"},"absolute_dates":{"created":"Posted on 15 April 2025","modified":"Updated on 15 May 2025"},"absolute_dates_time":{"created":"Posted on 15 April 2025 09:23","modified":"Updated on 15 May 2025 14:08"},"featured_img_caption":"","featured_img":false,"series_order":"","_links":{"self":[{"href":"https:\/\/efanet.org\/annual-report\/wp-json\/wp\/v2\/pages\/76","targetHints":{"allow":["GET"]}}],"collection":[{"href":"https:\/\/efanet.org\/annual-report\/wp-json\/wp\/v2\/pages"}],"about":[{"href":"https:\/\/efanet.org\/annual-report\/wp-json\/wp\/v2\/types\/page"}],"author":[{"embeddable":true,"href":"https:\/\/efanet.org\/annual-report\/wp-json\/wp\/v2\/users\/1"}],"replies":[{"embeddable":true,"href":"https:\/\/efanet.org\/annual-report\/wp-json\/wp\/v2\/comments?post=76"}],"version-history":[{"count":5,"href":"https:\/\/efanet.org\/annual-report\/wp-json\/wp\/v2\/pages\/76\/revisions"}],"predecessor-version":[{"id":354,"href":"https:\/\/efanet.org\/annual-report\/wp-json\/wp\/v2\/pages\/76\/revisions\/354"}],"up":[{"embeddable":true,"href":"https:\/\/efanet.org\/annual-report\/wp-json\/wp\/v2\/pages\/21"}],"wp:attachment":[{"href":"https:\/\/efanet.org\/annual-report\/wp-json\/wp\/v2\/media?parent=76"}],"curies":[{"name":"wp","href":"https:\/\/api.w.org\/{rel}","templated":true}]}}